 -1 + ((-492)/(-3))/1. Suppose c = k + z. Calculate the greatest common factor of k and 13.
13
Let o = 281 - 59. Let j be 5*(2 - o/(-15)). Calculate the highest common factor of 12 and j.
12
Let b = 5 - 5. Let j(f) = -f**3 - f + 20. Let g be j(b). Let t be (-2)/(-6) + g/12. What is the greatest common factor of t and 22?
2
Let v(k) = 3*k + 19. Let i be v(7). What is the highest common factor of i and 8?
8
Let o(c) = c**2 + 3*c + 7. Let f be o(-5). Let w = f + -6. What is the greatest common factor of 88 and w?
11
Suppose -2*u + 248 = 2*u. Let o = u + -10. Suppose 3*n - o = -n. Calculate the greatest common divisor of n and 13.
13
Let i(o) = 5*o**2 + 29*o + 13. Let r be i(-12). Let f(u) = -2*u**3 - 5*u**2 + 2*u - 5. Let d be f(-4). Calculate the highest common divisor of r and d.
35
Let i(v) = v**3 - 3*v + 4. Let y be i(4). Calculate the highest common divisor of 14 and y.
14
Suppose 0 = 4*x + 4*q - 452, 3*q + 11 = -1. What is the greatest common divisor of x and 13?
13
Let k(h) = 49*h**2 + 2*h + 1. Let w be k(-1). Calculate the highest common divisor of w and 8.
8
Let k(g) = 2*g. Let p be k(-4). Let n = p - -28. What is the greatest common divisor of 50 and n?
10
Let v = -7 + 13. Suppose 2*a + 0*a = 10. Suppose -n + 2*j = 4*n - 25, -2*n = a*j + 19. Calculate the greatest common divisor of n and v.
3
Suppose 3*v - 216 = -v. What is the highest common divisor of 27 and v?
27
Let o(r) = 2*r**2 + 6. Let x be o(-3). Suppose -s + 108 = -12. Calculate the greatest common divisor of s and x.
24
Let u(s) = 15*s**3 + s**2 - 2*s + 1. Let k be u(1). Let i be (2 - 3/3) + 3. Let p be (-4)/(-16) - (-119)/i. What is the greatest common factor of p and k?
15
Let l = -7 - -10. Suppose l*y - y = 20. Suppose b - 155 = -2*w - 4*b, -5*w = -3*b - 403. What is the greatest common divisor of y and w?
10
Let u(o) = 3*o - 4. Let d be u(5). Let f = -40 + 135. Suppose 4*g - 125 = f. What is the highest common divisor of d and g?
11
Let r be 2 - 78/(-3)*1. Suppose 3*b - 6 - 36 = 0. What is the highest common factor of r and b?
14
Suppose 0 = -4*b + 13 + 11. Suppose 10 = b*a - 4*a. What is the highest common factor of a and 40?
5
Suppose 10 = -2*v - 0*v. Let j be (-1 + v)/(3/(-3)). Let y be j/4*(10 + 2). Calculate the highest common factor of 12 and y.
6
Let g(o) = o**2 - o. Let x be g(-2). Let n be (2/3)/(x/9). Suppose 3 = 3*r + 2*f - n, -2*r = -5*f - 9. What is the greatest common factor of 8 and r?
2
Let w = 66 + -22. Calculate the greatest common divisor of w and 4.
4
Let s(u) = -u**2 + 5*u - 6 + 3*u + 0*u. Let d be s(5). Let w(r) = r**3 - 8*r**2 + r + 6. Let l be w(d). What is the highest common factor of 16 and l?
16
Suppose 0 = -4*j + 2*j + 120. What is the greatest common factor of 24 and j?
12
Let y(l) = l**2 - 6*l + 9. Let a be y(8). Let q = -10 + a. Let h(z) = -9*z - 9. Let j be h(-6). Calculate the highest common factor of j and q.
15
Let y(o) = o**3 + 5*o**2 + 4*o + 2. Let m be y(-3). Suppose -5*t = 2*x - 39, 7 = 4*x - 3*t - 32. Calculate the greatest common divisor of m and x.
4
Let i = -5 + 15. Suppose 6 = z - i. What is the highest common divisor of 2 and z?
2
Let t be ((-44)/(-8))/((-6)/(-84)). Calculate the greatest common divisor of t and 11.
11
Let r(w) = 9 - 5 - 3*w**2 + 2*w - 6. Let m be r(2). Let b = m - -15. What is the highest common factor of 55 and b?
5
Let c(o) = 2*o - 3. Let f be c(4). Suppose -6*h + 2*h = -4. What is the highest common factor of f and h?
1
Let p be -5 - -5 - (-1 + -3). Suppose p = 4*v - 0. What is the highest common divisor of v and 2?
1
Let f = 21 + -16. Let c(p) = 3*p + 4. Let d be c(f). What is the highest common divisor of 19 and d?
19
Let z be (4 - -4)*(-63)/(-12). What is the greatest common factor of 63 and z?
21
Let f(z) = z**3 + 10*z**2 + 8*z - 7. Let v be f(-9). Suppose 0*j - v*j + 40 = 0. Let a = -2 + 7. What is the highest common factor of j and a?
5
Let b = 6 + 10. Let h = b - 5. Calculate the greatest common factor of 33 and h.
11
Let q(k) = 2*k + 12. Let z be q(0). Calculate the greatest common factor of 204 and z.
12
Suppose o - 22 = -2*b, 4*o = -5*b + 55 + 21. Let f be (-2)/(-6) - 335/(-3). What is the greatest common factor of f and o?
14
Suppose -36 = -l + 3*z, 6*l - 2*l - 5*z = 137. Let v(n) = -n**2 + 6*n - 2. Let r be v(5). Let t be (4/r)/(2/l). Calculate the highest common factor of t and 2.
2
Suppose 2*m - 3*t = -0*m + 12, 0 = -5*m - 5*t + 5. Suppose -4*f = 19 - 55. Calculate the greatest common divisor of m and f.
3
Suppose -15 = -4*j - j. Suppose -704 = -f - j*f. What is the greatest common divisor of 22 and f?
22
Let i(m) = 2*m**2 - 2*m + 2. Let f = -4 + 6. Let o be i(f). What is the highest common divisor of o and 15?
3
Let p = -24 - -44. What is the highest common factor of 80 and p?
20
Let h(w) = w**3 - 8*w**2 - 6*w - 12. Let z be h(9). Let g = -15 + 75. What is the greatest common divisor of z and g?
15
Suppose 3*w = -0*w + 117. What is the greatest common divisor of w and 13?
13
Suppose 21 = 3*n - 3. Let j(b) = -b**3 - 8*b**2 - 8*b + 13. Let g be j(-7). What is the highest common factor of g and n?
4
Suppose 3*j - 5*j + 4*n + 34 = 0, 0 = -j - 2*n + 21. What is the highest common factor of 152 and j?
19
Suppose 3*n + 2*c = -25 - 20, 3*c + 45 = -3*n. Let o be (-6)/n + (-126)/(-10). What is the highest common factor of o and 39?
13
Suppose -6*s = -10*s - 60. Let n = -4 - s. What is the highest common factor of n and 22?
11
Let r be (24/10)/(-4 + 498/120). Calculate the greatest common divisor of r and 8.
8
Let t be 306/12 - (-9)/(-6). What is the highest common divisor of t and 36?
12
Suppose -4 = -5*j + 11. Suppose -11 = -4*r + j*r. Calculate the greatest common factor of r and 33.
11
Let p be ((-70)/21)/(3/(-54)). Calculate the greatest common divisor of p and 40.
20
Let n(a) = 7*a**2 + a + 1. Let l be n(-3). Let b = l - 36. Calculate the highest common factor of b and 10.
5
Let l = -27 - -157. Calculate the greatest common factor of l and 26.
26
Let v(y) = 2*y**2 - 18*y - 14. Let u be v(10). What is the greatest common divisor of 24 and u?
6
Let b be (315/(-30))/((-2)/20). What is the highest common factor of b and 42?
21
Suppose 22 = 4*i + j, 3*i = 2*j - 7*j + 25. What is the highest common divisor of 1 and i?
1
Let t be 12/9*(-9)/(-6). What is the highest common factor of 8 and t?
2
Let c(k) = -62*k - 1. Let p be c(1). Let h = p + 99. Suppose 4*q - 104 = h. Calculate the greatest common factor of 5 and q.
5
Let x be (0 + -30)*(-20)/6. Calculate the greatest common divisor of 40 and x.
20
Let c = -18 + 32. What is the highest common divisor of c and 14?
14
Let k(q) = q - 4. Suppose 0*t + 30 = 3*t. Let b be k(t). Let i(h) = 2*h**2 - 3*h + 3. Let x be i(-3). What is the greatest common factor of b and x?
6
Suppose 5*n - 4*j = n - 120, 0 = 2*n + j + 45. Let b = 55 + n. Calculate the highest common factor of b and 12.
6
Let i(u) = 3*u**2 - 2*u + 4. Let h be i(-4). Calculate the highest common factor of 6 and h.
6
Let n = -1 - -3. Let x(z) = z**3 - 2*z**2 + z + 2. Let g be x(n). Let v be (6/4)/(g/88). What is the greatest common factor of 3 and v?
3
Suppose 0*f = -4*f - 5*j + 235, 181 = 3*f - j. Calculate the greatest common factor of f and 12.
12
Let c(g) = g**2 - g + 16. Let v be c(5). Calculate the greatest common divisor of 24 and v.
12
Let x(p) = 2*p**2 - 28*p - 26. Let t be x(16). Calculate the highest common divisor of t and 19.
19
Suppose 5*l - 5 = -i, -3*i - 2*i + 25 = 3*l. Suppose -2*q - 5*u - 7 = -l, 5*u + 23 = 2*q. What is the greatest common factor of q and 4?
4
Suppose 0 = -0*d - 2*d + 16. Let s(a) = a**3 - 8*a**2 + a - 4. Let t be s(8). What is the greatest common divisor of t and d?
4
Let u = -27 - -33. Let l be ((-6)/9*3)/(-2). Calculate the greatest common divisor of u and l.
1
Suppose -4*l + 72 = -2*l. Calculate the greatest common divisor of l and 90.
18
Let m(i) be the first derivative of 3*i**2/2 - 2. Let j be m(1). What is the greatest common divisor of 2 and j?
1
Let w be 2 - (0 + 1/(-1)). Let p(s) be the first derivative of -s**3/3 + s**2/2 + s + 2. Let v be p(0). What is the greatest common factor of v and w?
1
Let d(k) = 4*k**2 - 6*k + k**3 + 0*k**3 - 2 + 4*k. Let u be d(3). Calculate the highest common divisor of u and 22.
11
Let q(u) be the first derivative of 5*u**2/